st the prime factors of 726628.
2, 7, 25951
List the prime factors of 5776980.
2, 3, 5, 11, 8753
What are the prime factors of 19803?
3, 7, 23, 41
What are the prime factors of 810607?
7, 71, 233
What are the prime factors of 6467447?
7, 373, 2477
List the prime factors of 3284526.
2, 3, 7, 78203
List the prime factors of 19077635.
5, 3815527
List the prime factors of 21749797.
29, 749993
What are the prime factors of 964279?
29, 41, 811
List the prime factors of 85566.
2, 3, 13, 1097
What are the prime factors of 1231688?
2, 29, 5309
List the prime factors of 29609434.
2, 167, 88651
List the prime factors of 11222212.
2, 233, 12041
List the prime factors of 3316652.
2, 109, 7607
What are the prime factors of 486124?
2, 121531
List the prime factors of 565860.
2, 3, 5, 9431
List the prime factors of 1512693.
3, 7, 13, 1847
What are the prime factors of 287750?
2, 5, 1151
What are the prime factors of 3285365?
5, 73, 9001
What are the prime factors of 380301?
3, 109, 1163
What are the prime factors of 973960?
2, 5, 13, 1873
What are the prime factors of 925978?
2, 107, 4327
What are the prime factors of 28552260?
2, 3, 5, 11, 43261
List the prime factors of 958275.
3, 5, 4259
List the prime factors of 924117.
3, 23, 59, 227
What are the prime factors of 1014265?
5, 7, 28979
What are the prime factors of 69282?
2, 3, 1283
List the prime factors of 2211999.
3, 19, 151, 257
What are the prime factors of 2321499?
3, 251, 3083
What are the prime factors of 15947823?
3, 433, 12277
What are the prime factors of 3360116?
2, 23, 36523
List the prime factors of 1496394.
2, 3, 3079
List the prime factors of 876898.
2, 11, 23, 1733
What are the prime factors of 444386?
2, 222193
What are the prime factors of 2459055?
3, 5, 29, 5653
What are the prime factors of 6323705?
5, 1264741
What are the prime factors of 466303?
466303
List the prime factors of 2629467.
3, 19, 15377
What are the prime factors of 3124691?
3124691
What are the prime factors of 1506446?
2, 163, 4621
List the prime factors of 1493086.
2, 7, 106649
What are the prime factors of 2071290?
2, 3, 5, 13, 47, 113
List the prime factors of 2737867.
11, 17
What are the prime factors of 3421930?
2, 5, 17, 20129
What are the prime factors of 6548882?
2, 19, 23, 59, 127
What are the prime factors of 45981?
3, 13, 131
What are the prime factors of 24939?
3, 17, 163
List the prime factors of 33030419.
701, 47119
List the prime factors of 37892.
2, 9473
What are the prime factors of 6037191?
3, 29, 23131
What are the prime factors of 15780?
2, 3, 5, 263
List the prime factors of 191820.
2, 3, 5, 23, 139
What are the prime factors of 1041352?
2, 13, 17, 19, 31
What are the prime factors of 2236303?
89, 25127
List the prime factors of 1655698.
2, 11, 17, 19, 233
List the prime factors of 14353932.
2, 3, 23, 131, 397
What are the prime factors of 3896894?
2, 1948447
What are the prime factors of 29013344?
2, 211, 4297
What are the prime factors of 116505?
3, 5, 863
List the prime factors of 259616.
2, 7, 19, 61
List the prime factors of 232397.
11, 37, 571
What are the prime factors of 778506?
2, 3, 19, 6829
List the prime factors of 15116201.
15116201
What are the prime factors of 478092?
2, 3, 39841
What are the prime factors of 20353654?
2, 10176827
What are the prime factors of 201394?
2, 101, 997
What are the prime factors of 713555?
5, 142711
What are the prime factors of 4323830?
2, 5, 7, 19, 3251
List the prime factors of 911368.
2, 113921
What are the prime factors of 40865?
5, 11, 743
What are the prime factors of 214375?
5, 7
What are the prime factors of 4681582?
2, 43, 54437
List the prime factors of 33033.
3, 7, 11, 13
What are the prime factors of 454322?
2, 11, 107, 193
What are the prime factors of 3461546?
2, 11, 23, 6841
What are the prime factors of 567523?
11, 51593
What are the prime factors of 5940880?
2, 5, 11, 43, 157
What are the prime factors of 243001?
11, 22091
What are the prime factors of 144982?
2, 71, 1021
What are the prime factors of 26635437?
3, 71, 73, 571
What are the prime factors of 4813363?
17, 283139
List the prime factors of 1606219.
73, 22003
What are the prime factors of 110873?
7, 47, 337
List the prime factors of 5357369.
233, 22993
What are the prime factors of 30777?
3, 10259
List the prime factors of 1710406.
2, 855203
List the prime factors of 2179107.
3, 7, 34589
What are the prime factors of 206421?
3, 83, 829
What are the prime factors of 841096?
2, 105137
List the prime factors of 25638150.
2, 3, 5, 170921
List the prime factors of 6788053.
6788053
List the prime factors of 552557.
41, 13477
List the prime factors of 208518.
2, 3, 23, 1511
List the prime factors of 3834098.
2, 1917049
What are the prime factors of 519631?
7, 19, 3907
List the prime factors of 2179188.
2, 3, 11, 5503
List the prime factors of 361681.
101, 3581
List the prime factors of 716801.
37, 19373
What are the prime factors of 453086?
2, 101, 2243
List the prime factors of 1732262.
2, 7, 123733
List the prime factors of 154768.
2, 17, 569
List the prime factors of 254051.
7, 36293
List the prime factors of 312085.
5, 62417
List the prime factors of 5281071.
3, 79, 22283
What are the prime factors of 2699202?
2, 3, 11, 40897
List the prime factors of 6820101.
3, 43, 17623
What are the prime factors of 7370092?
2, 1842523
What are the prime factors of 3445369?
3445369
What are the prime factors of 2511791?
2511791
List the prime factors of 4168490.
2, 5, 416849
What are the prime factors of 6087726?
2, 3, 338207
List the prime factors of 6159400.
2, 5, 13, 23, 103
List the prime factors of 2475013.
17, 145589
What are the prime factors of 238956?
2, 3, 19913
What are the prime factors of 18548131?
7, 2649733
List the prime factors of 1028459.
137, 7507
List the prime factors of 12699737.
73, 173969
List the prime factors of 6993338.
2, 11, 241, 1319
What are the prime factors of 2960892?
2, 3, 11, 7477
What are the prime factors of 1589513?
1589513
What are the prime factors of 12240108?
2, 3, 103, 3301
List the prime factors of 1116839.
19, 43, 1367
List the prime factors of 405022.
2, 313, 647
What are the prime factors of 120408?
2, 3, 29, 173
List the prime factors of 126370.
2, 5, 12637
What are the prime factors of 529671?
3, 176557
List the prime factors of 1080122.
2, 540061
List the prime factors of 1443255.
3, 5, 11, 8747
List the prime factors of 328952.
2, 13, 3163
What are the prime factors of 600595?
5, 113, 1063
What are the prime factors of 168298?
2, 13, 6473
What are the prime factors of 246364?
2, 17, 3623
List the prime factors of 54317.
29, 1873
What are the prime factors of 14881604?
2, 3720401
List the prime factors of 199954.
2, 17, 5881
What are the prime factors of 2260586?
2, 1130293
What are the prime factors of 5711251?
7, 13, 62761
What are the prime factors of 202100?
2, 5, 43, 47
List the prime factors of 17139322.
2, 751, 11411
List the prime factors of 3171379.
43, 131, 563
What are the prime factors of 428608?
2, 37, 181
What are the prime factors of 82844?
2, 139, 149
List the prime factors of 505331.
31, 16301
List the prime factors of 73422.
2, 3, 4079
What are the prime factors of 6998191?
6998191
List the prime factors of 767845.
5, 13, 11813
List the prime factors of 9000269.
9000269
List the prime factors of 51189.
3, 113, 151
What are the prime factors of 9691290?
2, 3, 5, 7, 15383
List the prime factors of 269062.
2, 29, 4639
List the prime factors of 221363.
181, 1223
What are the prime factors of 354616?
2, 19, 2333
List the prime factors of 30937169.
409, 75641
List the prime factors of 1606752.
2, 3, 7, 797
List the prime factors of 9799223.
7, 53, 61, 433
List the prime factors of 1144365.
3, 5, 23, 31, 107
List the prime factors of 4844790.
2, 3, 5, 53831
What are the prime factors of 336720?
2, 3, 5, 23, 61
What are the prime factors of 877931?
17, 43, 1201
What are the prime factors of 182813?
182813
List the prime factors of 1397565.
3, 5, 13, 2389
What are the prime factors of 201344?
2, 11, 13
List the prime factors of 200344.
2, 79, 317
List the prime factors of 14584044.
2, 3, 157, 7741
List the prime factors of 11299166.
2, 359, 15737
What are the prime factors of 447562?
2, 223781
What are the prime factors of 75929?
7